 2, what is -1111101 + 1101110111110110?
1101110101111001
In base 13, what is 46633 - 58?
465a8
In base 2, what is 1001110110001101111110 - -1101111?
1001110110001111101101
In base 14, what is b - 446347?
-44633a
In base 16, what is -5466 + -1a6a?
-6ed0
In base 11, what is 3158 - -1690?
4838
In base 8, what is 5477666 + -2?
5477664
In base 13, what is 3 + -702775?
-702772
In base 7, what is 1031140453 + 2?
1031140455
In base 6, what is 50215244544 - 5?
50215244535
In base 2, what is -11010110011010100001100 - 1000?
-11010110011010100010100
In base 4, what is -101023221 + -1211?
-101031032
In base 15, what is -28e769 - -3?
-28e766
In base 2, what is -100000100011011011011010101 - 10110?
-100000100011011011011101011
In base 8, what is 3 - 3142021?
-3142016
In base 9, what is -520283566 - -1?
-520283565
In base 2, what is 0 - 10101111110110111011000111?
-10101111110110111011000111
In base 12, what is -399b06 - 7?
-399b11
In base 4, what is 221102012032 + 2?
221102012100
In base 11, what is -1039831 + 0?
-1039831
In base 3, what is -10000 + -1222020122001?
-1222020202001
In base 9, what is 16316150 + -4?
16316145
In base 2, what is 1000010000 + 111000010111000?
111001011001000
In base 6, what is 2521 + 2442234?
2445155
In base 5, what is 2043 + 1233404?
1241002
In base 15, what is 6 + -275da98?
-275da92
In base 15, what is -1dba0 - -12?
-1db8d
In base 3, what is -10021 + 110110102112?
110110022021
In base 8, what is -147553 + -2277?
-152052
In base 8, what is 6147533 + 5?
6147540
In base 11, what is 1556 + 77?
1622
In base 9, what is 2 - 2780048?
-2780046
In base 2, what is 101 - -111110010001001101011011101?
111110010001001101011100010
In base 16, what is -1007f0 + 0?
-1007f0
In base 6, what is -23150354 - 1132?
-23151530
In base 4, what is 10 - -1330333132023?
1330333132033
In base 2, what is 1101100011010101111001100011 - -1?
1101100011010101111001100100
In base 5, what is -3 - -332434232?
332434224
In base 12, what is 6631 - -262?
6893
In base 6, what is 34003331 - -2551?
34010322
In base 10, what is -4301 + 5809?
1508
In base 5, what is -1322113302 - -303?
-1322112444
In base 10, what is -40 - -908747?
908707
In base 14, what is 0 + 34846c9?
34846c9
In base 2, what is -101 - -1011111110111010100101101110?
1011111110111010100101101001
In base 8, what is 230616401 + 3?
230616404
In base 14, what is 88a - -c3d9?
cc85
In base 2, what is 111 - 10001000001000100101111000?
-10001000001000100101110001
In base 5, what is -303401 + -2010?
-310411
In base 12, what is -51bb56b - 4?
-51bb573
In base 8, what is 12575354 - -5?
12575361
In base 14, what is -a7dca3b - -1?
-a7dca3a
In base 4, what is 23020021123332 - 2?
23020021123330
In base 10, what is -132026857 + -3?
-132026860
In base 4, what is -12032 + -32010300?
-32022332
In base 10, what is -177927693 + -2?
-177927695
In base 10, what is 166916 - 34?
166882
In base 16, what is -1e82b1 - 5?
-1e82b6
In base 14, what is 1 + -81b34?
-81b33
In base 11, what is 129 - 437894?
-437766
In base 12, what is 3 - 1028395?
-1028392
In base 10, what is 267343 - 388?
266955
In base 9, what is 4 - 457500?
-457485
In base 11, what is 334056 - -119?
334174
In base 5, what is -22100031402 - -4?
-22100031343
In base 6, what is 43525 - -520?
44445
In base 4, what is 11101 + 303222210?
303233311
In base 13, what is -52 - 637643?
-637695
In base 15, what is 7b - 3e458b?
-3e4510
In base 16, what is -3114 - -5119?
2005
In base 11, what is 31 + 1118019?
111804a
In base 16, what is -370d8a + 56?
-370d34
In base 5, what is 121424434 - -1144?
121431133
In base 3, what is 12 + -2100002022002012?
-2100002022002000
In base 4, what is -1321313 + -302332?
-2230311
In base 4, what is 3013211210121 + -2?
3013211210113
In base 10, what is -3 + -1536813?
-1536816
In base 15, what is 76a4e19 - 6?
76a4e13
In base 12, what is 5219 - -12577?
17794
In base 2, what is -111101011110111 + -1110000110?
-111111001111101
In base 9, what is -4 + -56042823?
-56042827
In base 6, what is -142321342 - 142?
-142321524
In base 5, what is -2 + -44224441120?
-44224441122
In base 5, what is 42332 + 2000?
44332
In base 3, what is 102221 - 1100212212001?
-1100212102010
In base 4, what is 13 - 2211032?
-2211013
In base 13, what is -3 + 2b625043?
2b625040
In base 4, what is 11202 - 310003311?
-303332103
In base 13, what is -19440a - -317?
-1940c3
In base 13, what is -73166c + 0?
-73166c
In base 4, what is 33 + 33022011012?
33022011111
In base 4, what is 30023232321100 + 1?
30023232321101
In base 16, what is 6 + -13e8aa3?
-13e8a9d
In base 16, what is 84 + -914?
-890
In base 5, what is -40001 + 43004?
3003
In base 15, what is 3ad2 + -309?
37c8
In base 5, what is -1131310 + -403420?
-2040230
In base 12, what is 10 + 1758a17?
1758a27
In base 7, what is -1 + -2313032116?
-2313032120
In base 12, what is -7a326 + -261?
-7a587
In base 8, what is -652771731 + 1?
-652771730
In base 6, what is 41 - -30520000?
30520041
In base 12, what is -561775 + 15?
-561760
In base 14, what is -61d74c + 10?
-61d73c
In base 15, what is 1 - c2e3ad?
-c2e3ac
In base 4, what is -110203023 - 112030?
-110321113
In base 7, what is 243 - -2425?
3001
In base 2, what is -1 - -11000101010100110111100100?
11000101010100110111100011
In base 5, what is 1311003 - 3111?
1302342
In base 14, what is -d31 + 124c3?
11592
In base 6, what is -32110 - 411?
-32521
In base 4, what is -1221232 + 12202033?
10320201
In base 11, what is 2031042 + 71?
2031103
In base 5, what is -134300111144 + -2?
-134300111201
In base 9, what is 5106625850 - 1?
5106625848
In base 5, what is -4 + -143443211130?
-143443211134
In base 8, what is 646706453 - 0?
646706453
In base 10, what is -20 - -64960823?
64960803
In base 2, what is -11111011110101000 + -100001000101?
-11111111111101101
In base 12, what is -573 + -6a18?
-738b
In base 16, what is -40b + d7f?
974
In base 4, what is 1332000113110 - -13?
1332000113123
In base 2, what is 101010111100111101 - -1111101001?
101011001100100110
In base 16, what is -8 + -5086?
-508e
In base 8, what is -745245 - -415?
-744630
In base 12, what is 3 + -288b07a2?
-288b079b
In base 15, what is -5359 - 512?
-586b
In base 12, what is 2205 - -23a?
2443
In base 12, what is -13596857 + 6?
-13596851
In base 16, what is -15e0243 + 3?
-15e0240
In base 3, what is -1211010120002 + -2210?
-1211010122212
In base 5, what is 2131 + 110212231?
110214412
In base 14, what is -9 + 21725b?
217252
In base 7, what is 5 + 52336636?
52336644
In base 11, what is 19680 - 1909?
17872
In base 4, what is 0 - -1101231002103?
1101231002103
In base 8, what is 375375 + 1103?
376500
In base 14, what is -1523 + 977c?
8259
In base 3, what is 11212 - 12011200101?
-12011111112
In base 15, what is 6 + 911394?
91139a
In base 9, what is 1011 - 15673?
-14662
In base 3, what is 1102012 - 122101211?
-120222122
In base 7, what is 16550040210 + 3?
16550040213
In base 4, what is -1101031 + 313220?
-121211
In base 4, what is -12233 + 1300230?
1221331
In base 5, what is -3 + -1441310022?
-1441310030
In base 8, what is -4125 - -44775?
40650
In base 4, what is -1301212 + 2232?
-1232320
In base 5, what is 4 + 1103233211?
1103233220
In base 15, what is -19deb + -1a?
-19e16
In base 16, what is -8214e - 1a?
-82168
In base 4, what is 111220 - -13301?
131121
In base 15, what is 4 + 37d3de?
37d3e3
In base 4, what is 232322323121 + 3?
232322323130
In base 7, what is -5446 - -204132?
165353
In base 14, what is -4197d2 + -5?
-4197d7
In base 5, what is -3123443 - -243?
-3123200
In base 14, what is -d389961 - 3?
-d389964
In base 2, what is -111101101110111 + 1100111010?
-111100000111101
In base 11, what is -3 + -438669?
-438671
In base 11, what is -2a + 4920458?
4920429
In base 16, what is 1a3 - 7166f?
-714cc
In base 12, what is -b71022 + 3?
-b7101b
In base 11, what is 26a + -1224aa?
-122240
In base 8, what is -314060 + 10?
-314050
In base 7, what is -1205422 - -51?
-1205341
In base 5, what is -1320344312440 + -4?
-1320344312444
In base 3, what is 212210211100 + -1011201?
212202122122
In base 6, what is -244222224 + -400?
-244223024
In base 13, what is 3469 + -4b94?
-1728
In base 7, what is 15164 + 1531?
20025
In base 13, what is -14 + ac12a29?
ac12a15
In base 10, what is 17200 - 2127?
15073
In base 8, what is -1066 + -11460?
-12546
In base 15, what is 60bc7 